{"id":58750,"date":"2025-10-03T11:44:23","date_gmt":"2025-10-03T14:44:23","guid":{"rendered":"https:\/\/villber.com\/site\/?page_id=58750"},"modified":"2025-12-15T13:57:07","modified_gmt":"2025-12-15T16:57:07","slug":"productos","status":"publish","type":"page","link":"https:\/\/villber.com\/site\/productos\/","title":{"rendered":"Productos"},"content":{"rendered":"<div class=\"wpb-content-wrapper\"><p>[vc_row][vc_column][vc_column_text el_class=\u00bbseo-content\u00bb]Proyectos de nuestros clientes.<br \/>\nProyectos llave en mano. Diagramaci\u00f3n, renderizado, instalaci\u00f3n y customizaci\u00f3n de equipamientos comerciales.<\/p>\n<h1>Villber &#8211; Equipamientos comerciales<\/h1>\n<h2>Proyectos de nuestros clientes.<\/h2>\n<p>Como fabricantes expertos en equipamientos comerciales integrales, ofrecemos soluciones a medida para cualquier tipo de negocio en todo el pa\u00eds, contando con m\u00e1s de 35 a\u00f1os equipando negocios, supermercados, empresas e industrias.<\/p>\n<ul>\n<li>Calidad Garantizada<\/li>\n<li>Distribuci\u00f3n y Log\u00edstica<\/li>\n<li>Asesoramiento Personalizado<\/li>\n<li>Financiamiento<\/li>\n<\/ul>\n<p><a title=\"Ver m\u00e1s\" href=\"https:\/\/villber.com\/site\/empresa\/\" target=\"_self\" rel=\"noopener\">Ver m\u00e1s<\/a><\/p>\n<h3>NUESTROS TRABAJOS<\/h3>\n<p>Contamos con una amplia experiencia en todo tipos de proyectos y necesidades<br \/>\nque van desde hipermercados a minimarkets, pasando por carnicer\u00edas, viner\u00edas, verduler\u00edas, panader\u00edas, pescader\u00edas, etc.<br \/>\n<a title=\"Proyectos\" href=\"https:\/\/villber.com\/site\/proyectos\/\" target=\"_self\" rel=\"noopener\">Proyectos<\/a><\/p>\n<h4>NUESTROS PRODUCTOS<\/h4>\n<p>Adem\u00e1s, tenemos una gran variedad de productos para distintos rubros y necesidades. Consulta en nuestra galer\u00eda.<\/p>\n<h4>Enlaces externos<\/h4>\n<p><a title=\"Instagram\" href=\"https:\/\/www.instagram.com\/villberequipamientos\/\" target=\"_blank\" rel=\"noopener\">Instagram<\/a><br \/>\n<a title=\"Instagram\" href=\"https:\/\/www.facebook.com\/villberequipamientoscomercialesintegrales\" target=\"_blank\" rel=\"noopener\">Facebook<\/a><br \/>\n<a title=\"linkedIn\" href=\"https:\/\/www.linkedin.com\/company\/villber-amoblamientos-comerciales\" target=\"_blank\" rel=\"noopener\">linkeIn<\/a><br \/>\n<a title=\"WhatsApp\" href=\"https:\/\/wa.me\/5493415194843\" target=\"_blank\" rel=\"noopener\">WhatsApp<\/a><br \/>\n<a title=\"Google Maps\" href=\"https:\/\/www.google.com\/maps\/place\/Presidente+Roca+6055,+S2000+Rosario,+Santa+Fe\/@-33.0076932,-60.6579619,17z\/data=!3m1!4b1!4m5!3m4!1s0x95b7abe1b97abb65:0x190e1a27d0099298!8m2!3d-33.0076932!4d-60.6557732\" target=\"_blank\" rel=\"noopener\">Google Maps<\/a>[\/vc_column_text][\/vc_column][\/vc_row][vc_row bg_type=\u00bbimage\u00bb parallax_style=\u00bbvcpb-vz-jquery\u00bb bg_image_new=\u00bbid^59670|url^https:\/\/villber.com\/site\/wp-content\/uploads\/2025\/12\/productos.png|caption^null|alt^null|title^productos|description^null\u00bb bg_image_repeat=\u00bbno-repeat\u00bb bg_override=\u00bbfull\u00bb enable_overlay=\u00bbenable_overlay_value\u00bb overlay_color=\u00bb#00000000&#8243; overlay_pattern=\u00bbtransperant\u00bb overlay_pattern_opacity=\u00bb25&#8243; margin_top=\u00bb-50&#8243; type=\u00bbvc_default\u00bb el_class=\u00bbheader_inner\u00bb row_title=\u00bbPRODUCTOS\u00bb][vc_column offset=\u00bbvc_col-lg-offset-0 vc_col-lg-12 vc_col-md-offset-0 vc_col-md-12 vc_col-sm-offset-0 vc_col-xs-12&#8243; css=\u00bb.vc_custom_1476043981108{margin-top: 10px !important;margin-bottom: 10px !important;}\u00bb]<div id=\"ultimate-heading-849969e3891cbb3ad\" class=\"uvc-heading ult-adjust-bottom-margin ultimate-heading-849969e3891cbb3ad uvc-9782 accent-border-color\" data-hspacer=\"line_only\"  data-halign=\"center\" style=\"text-align:center\"><div class=\"uvc-main-heading ult-responsive\"  data-ultimate-target='.uvc-heading.ultimate-heading-849969e3891cbb3ad h2'  data-responsive-json-new='{\"font-size\":\"desktop:50px;mobile_landscape:38px;mobile:30px;\",\"line-height\":\"desktop:60px;mobile_landscape:48px;mobile:40px;\"}' ><h2 style=\"font-weight:bold;color:#ffffff;margin-bottom:15px;\">PRODUCTOS<\/h2><\/div><div class=\"uvc-sub-heading ult-responsive\"  data-ultimate-target='.uvc-heading.ultimate-heading-849969e3891cbb3ad .uvc-sub-heading '  data-responsive-json-new='{\"font-size\":\"\",\"line-height\":\"\"}'  style=\"font-weight:normal;\">PRODUCTOS<\/div><div class=\"uvc-heading-spacer line_only\" style=\"topheight:3px;\"><span class=\"uvc-headings-line\" style=\"border-style:solid;border-bottom-width:3px;border-color:#ccc;width:150px;\"><\/span><\/div><\/div>[\/vc_column][\/vc_row][vc_row][vc_column][vc_raw_html css=\u00bb\u00bb]JTVCbGlzdGluZ19wcm9kdWN0b19jYXRlZ29yaWElNUQ=[\/vc_raw_html][\/vc_column][\/vc_row]<\/p>\n<\/div>","protected":false},"excerpt":{"rendered":"<p>[vc_row][vc_column][vc_column_text el_class=\u00bbseo-content\u00bb]Proyectos de nuestros clientes. Proyectos llave en mano. Diagramaci\u00f3n, renderizado, instalaci\u00f3n y customizaci\u00f3n de equipamientos comerciales. Villber &#8211; Equipamientos comerciales Proyectos de nuestros clientes. Como fabricantes expertos en equipamientos comerciales integrales, ofrecemos soluciones a medida para cualquier tipo de negocio en todo el pa\u00eds, contando con m\u00e1s de 35 a\u00f1os equipando negocios, supermercados, empresas&hellip;<\/p>\n","protected":false},"author":3,"featured_media":59556,"parent":0,"menu_order":10,"comment_status":"closed","ping_status":"closed","template":"","meta":{"footnotes":""},"class_list":["post-58750","page","type-page","status-publish","has-post-thumbnail","hentry","description-off"],"acf":[],"yoast_head":"<!-- This site is optimized with the Yoast SEO plugin v27.2 - https:\/\/yoast.com\/product\/yoast-seo-wordpress\/ -->\n<title>Productos - Villber Equipamientos Comerciales<\/title>\n<meta name=\"description\" content=\"Productos y equipamientos comerciales. G\u00f3ndolas, exhibidoras, c\u00e1maras, freezers, accesorios, racks, estanter\u00edas.\" \/>\n<meta name=\"robots\" content=\"index, follow, max-snippet:-1, max-image-preview:large, max-video-preview:-1\" \/>\n<link rel=\"canonical\" href=\"https:\/\/villber.com\/site\/productos\/\" \/>\n<meta property=\"og:locale\" content=\"es_ES\" \/>\n<meta property=\"og:type\" content=\"article\" \/>\n<meta property=\"og:title\" content=\"Productos - Villber Equipamientos Comerciales\" \/>\n<meta property=\"og:description\" content=\"Productos y equipamientos comerciales. G\u00f3ndolas, exhibidoras, c\u00e1maras, freezers, accesorios, racks, estanter\u00edas.\" \/>\n<meta property=\"og:url\" content=\"https:\/\/villber.com\/site\/productos\/\" \/>\n<meta property=\"og:site_name\" content=\"Villber Equipamientos Comerciales\" \/>\n<meta property=\"article:publisher\" content=\"https:\/\/www.facebook.com\/villberequipamientoscomercialesintegrales\" \/>\n<meta property=\"article:modified_time\" content=\"2025-12-15T16:57:07+00:00\" \/>\n<meta property=\"og:image\" content=\"https:\/\/villber.com\/site\/wp-content\/uploads\/2025\/12\/UNI-1.png\" \/>\n\t<meta property=\"og:image:width\" content=\"800\" \/>\n\t<meta property=\"og:image:height\" content=\"800\" \/>\n\t<meta property=\"og:image:type\" content=\"image\/png\" \/>\n<meta name=\"twitter:card\" content=\"summary_large_image\" \/>\n<meta name=\"twitter:label1\" content=\"Tiempo de lectura\" \/>\n\t<meta name=\"twitter:data1\" content=\"1 minuto\" \/>\n<script type=\"application\/ld+json\" class=\"yoast-schema-graph\">{\"@context\":\"https:\/\/schema.org\",\"@graph\":[{\"@type\":\"WebPage\",\"@id\":\"https:\/\/villber.com\/site\/productos\/\",\"url\":\"https:\/\/villber.com\/site\/productos\/\",\"name\":\"Productos - Villber Equipamientos Comerciales\",\"isPartOf\":{\"@id\":\"https:\/\/villber.com\/site\/#website\"},\"primaryImageOfPage\":{\"@id\":\"https:\/\/villber.com\/site\/productos\/#primaryimage\"},\"image\":{\"@id\":\"https:\/\/villber.com\/site\/productos\/#primaryimage\"},\"thumbnailUrl\":\"https:\/\/villber.com\/site\/wp-content\/uploads\/2025\/12\/UNI-1.png\",\"datePublished\":\"2025-10-03T14:44:23+00:00\",\"dateModified\":\"2025-12-15T16:57:07+00:00\",\"description\":\"Productos y equipamientos comerciales. G\u00f3ndolas, exhibidoras, c\u00e1maras, freezers, accesorios, racks, estanter\u00edas.\",\"breadcrumb\":{\"@id\":\"https:\/\/villber.com\/site\/productos\/#breadcrumb\"},\"inLanguage\":\"es\",\"potentialAction\":[{\"@type\":\"ReadAction\",\"target\":[\"https:\/\/villber.com\/site\/productos\/\"]}]},{\"@type\":\"ImageObject\",\"inLanguage\":\"es\",\"@id\":\"https:\/\/villber.com\/site\/productos\/#primaryimage\",\"url\":\"https:\/\/villber.com\/site\/wp-content\/uploads\/2025\/12\/UNI-1.png\",\"contentUrl\":\"https:\/\/villber.com\/site\/wp-content\/uploads\/2025\/12\/UNI-1.png\",\"width\":800,\"height\":800},{\"@type\":\"BreadcrumbList\",\"@id\":\"https:\/\/villber.com\/site\/productos\/#breadcrumb\",\"itemListElement\":[{\"@type\":\"ListItem\",\"position\":1,\"name\":\"Portada\",\"item\":\"https:\/\/villber.com\/site\/\"},{\"@type\":\"ListItem\",\"position\":2,\"name\":\"Productos\"}]},{\"@type\":\"WebSite\",\"@id\":\"https:\/\/villber.com\/site\/#website\",\"url\":\"https:\/\/villber.com\/site\/\",\"name\":\"Villber Equipamientos Comerciales\",\"description\":\"\u00a1Damos vida a tus proyectos!\",\"publisher\":{\"@id\":\"https:\/\/villber.com\/site\/#organization\"},\"potentialAction\":[{\"@type\":\"SearchAction\",\"target\":{\"@type\":\"EntryPoint\",\"urlTemplate\":\"https:\/\/villber.com\/site\/?s={search_term_string}\"},\"query-input\":{\"@type\":\"PropertyValueSpecification\",\"valueRequired\":true,\"valueName\":\"search_term_string\"}}],\"inLanguage\":\"es\"},{\"@type\":\"Organization\",\"@id\":\"https:\/\/villber.com\/site\/#organization\",\"name\":\"Villber Equipamientos Comerciales\",\"url\":\"https:\/\/villber.com\/site\/\",\"logo\":{\"@type\":\"ImageObject\",\"inLanguage\":\"es\",\"@id\":\"https:\/\/villber.com\/site\/#\/schema\/logo\/image\/\",\"url\":\"https:\/\/villber.com\/site\/wp-content\/uploads\/2023\/01\/villber-logo.png\",\"contentUrl\":\"https:\/\/villber.com\/site\/wp-content\/uploads\/2023\/01\/villber-logo.png\",\"width\":618,\"height\":200,\"caption\":\"Villber Equipamientos Comerciales\"},\"image\":{\"@id\":\"https:\/\/villber.com\/site\/#\/schema\/logo\/image\/\"},\"sameAs\":[\"https:\/\/www.facebook.com\/villberequipamientoscomercialesintegrales\",\"https:\/\/www.instagram.com\/villberequipamientos\/\",\"https:\/\/www.linkedin.com\/company\/villber-amoblamientos-comerciales\"]}]}<\/script>\n<!-- \/ Yoast SEO plugin. -->","yoast_head_json":{"title":"Productos - Villber Equipamientos Comerciales","description":"Productos y equipamientos comerciales. G\u00f3ndolas, exhibidoras, c\u00e1maras, freezers, accesorios, racks, estanter\u00edas.","robots":{"index":"index","follow":"follow","max-snippet":"max-snippet:-1","max-image-preview":"max-image-preview:large","max-video-preview":"max-video-preview:-1"},"canonical":"https:\/\/villber.com\/site\/productos\/","og_locale":"es_ES","og_type":"article","og_title":"Productos - Villber Equipamientos Comerciales","og_description":"Productos y equipamientos comerciales. G\u00f3ndolas, exhibidoras, c\u00e1maras, freezers, accesorios, racks, estanter\u00edas.","og_url":"https:\/\/villber.com\/site\/productos\/","og_site_name":"Villber Equipamientos Comerciales","article_publisher":"https:\/\/www.facebook.com\/villberequipamientoscomercialesintegrales","article_modified_time":"2025-12-15T16:57:07+00:00","og_image":[{"width":800,"height":800,"url":"https:\/\/villber.com\/site\/wp-content\/uploads\/2025\/12\/UNI-1.png","type":"image\/png"}],"twitter_card":"summary_large_image","twitter_misc":{"Tiempo de lectura":"1 minuto"},"schema":{"@context":"https:\/\/schema.org","@graph":[{"@type":"WebPage","@id":"https:\/\/villber.com\/site\/productos\/","url":"https:\/\/villber.com\/site\/productos\/","name":"Productos - Villber Equipamientos Comerciales","isPartOf":{"@id":"https:\/\/villber.com\/site\/#website"},"primaryImageOfPage":{"@id":"https:\/\/villber.com\/site\/productos\/#primaryimage"},"image":{"@id":"https:\/\/villber.com\/site\/productos\/#primaryimage"},"thumbnailUrl":"https:\/\/villber.com\/site\/wp-content\/uploads\/2025\/12\/UNI-1.png","datePublished":"2025-10-03T14:44:23+00:00","dateModified":"2025-12-15T16:57:07+00:00","description":"Productos y equipamientos comerciales. G\u00f3ndolas, exhibidoras, c\u00e1maras, freezers, accesorios, racks, estanter\u00edas.","breadcrumb":{"@id":"https:\/\/villber.com\/site\/productos\/#breadcrumb"},"inLanguage":"es","potentialAction":[{"@type":"ReadAction","target":["https:\/\/villber.com\/site\/productos\/"]}]},{"@type":"ImageObject","inLanguage":"es","@id":"https:\/\/villber.com\/site\/productos\/#primaryimage","url":"https:\/\/villber.com\/site\/wp-content\/uploads\/2025\/12\/UNI-1.png","contentUrl":"https:\/\/villber.com\/site\/wp-content\/uploads\/2025\/12\/UNI-1.png","width":800,"height":800},{"@type":"BreadcrumbList","@id":"https:\/\/villber.com\/site\/productos\/#breadcrumb","itemListElement":[{"@type":"ListItem","position":1,"name":"Portada","item":"https:\/\/villber.com\/site\/"},{"@type":"ListItem","position":2,"name":"Productos"}]},{"@type":"WebSite","@id":"https:\/\/villber.com\/site\/#website","url":"https:\/\/villber.com\/site\/","name":"Villber Equipamientos Comerciales","description":"\u00a1Damos vida a tus proyectos!","publisher":{"@id":"https:\/\/villber.com\/site\/#organization"},"potentialAction":[{"@type":"SearchAction","target":{"@type":"EntryPoint","urlTemplate":"https:\/\/villber.com\/site\/?s={search_term_string}"},"query-input":{"@type":"PropertyValueSpecification","valueRequired":true,"valueName":"search_term_string"}}],"inLanguage":"es"},{"@type":"Organization","@id":"https:\/\/villber.com\/site\/#organization","name":"Villber Equipamientos Comerciales","url":"https:\/\/villber.com\/site\/","logo":{"@type":"ImageObject","inLanguage":"es","@id":"https:\/\/villber.com\/site\/#\/schema\/logo\/image\/","url":"https:\/\/villber.com\/site\/wp-content\/uploads\/2023\/01\/villber-logo.png","contentUrl":"https:\/\/villber.com\/site\/wp-content\/uploads\/2023\/01\/villber-logo.png","width":618,"height":200,"caption":"Villber Equipamientos Comerciales"},"image":{"@id":"https:\/\/villber.com\/site\/#\/schema\/logo\/image\/"},"sameAs":["https:\/\/www.facebook.com\/villberequipamientoscomercialesintegrales","https:\/\/www.instagram.com\/villberequipamientos\/","https:\/\/www.linkedin.com\/company\/villber-amoblamientos-comerciales"]}]}},"_links":{"self":[{"href":"https:\/\/villber.com\/site\/wp-json\/wp\/v2\/pages\/58750","targetHints":{"allow":["GET"]}}],"collection":[{"href":"https:\/\/villber.com\/site\/wp-json\/wp\/v2\/pages"}],"about":[{"href":"https:\/\/villber.com\/site\/wp-json\/wp\/v2\/types\/page"}],"author":[{"embeddable":true,"href":"https:\/\/villber.com\/site\/wp-json\/wp\/v2\/users\/3"}],"replies":[{"embeddable":true,"href":"https:\/\/villber.com\/site\/wp-json\/wp\/v2\/comments?post=58750"}],"version-history":[{"count":4,"href":"https:\/\/villber.com\/site\/wp-json\/wp\/v2\/pages\/58750\/revisions"}],"predecessor-version":[{"id":59674,"href":"https:\/\/villber.com\/site\/wp-json\/wp\/v2\/pages\/58750\/revisions\/59674"}],"wp:featuredmedia":[{"embeddable":true,"href":"https:\/\/villber.com\/site\/wp-json\/wp\/v2\/media\/59556"}],"wp:attachment":[{"href":"https:\/\/villber.com\/site\/wp-json\/wp\/v2\/media?parent=58750"}],"curies":[{"name":"wp","href":"https:\/\/api.w.org\/{rel}","templated":true}]}}